 -5*y + 32402 = 4*q - 3*q, -2*y - 2*q = -12964. Suppose -59*f + 67*f = y. What are the prime factors of f?
2, 3, 5
Let x(p) = -177*p + 4306. What are the prime factors of x(-53)?
13687
Let z(j) = -27*j**2 + 19 + 62*j - 42*j + 6*j**2 - j**3. What are the prime factors of z(-22)?
3, 7
Let b(l) = -2*l**3 - 3*l**2 + 2*l + 4. Let p be b(-2). Let t(k) = 6*k**2 - 13 + 11*k**2 + 2 + 7. List the prime factors of t(p).
2, 67
Let a(h) = 11*h**2 + 1. Let y be a(-1). Let p be 6*(-3 - y/(-3)). List the prime factors of (-1179)/(-54) + 1/p.
2, 11
Let b(v) = v**3 + 6*v**2 + 3*v - 3. Let h be b(-8). Let y = h - -308. Suppose 4*o - y = 51. What are the prime factors of o?
3, 17
Suppose 0 = -4*p + 2*a + 6, 0 = p - 5*p + 4*a + 4. Let y be (-2 - -6)/(p - 4). Let c = 94 - y. What are the prime factors of c?
2, 3
Suppose 161*d - 7107900 = -124*d. List the prime factors of d.
2, 5, 29, 43
Let o = -89 + 96. Suppose -o = u - 15. Suppose -2*g = 3*s - 231 + u, -5*g + 2*s + 605 = 0. List the prime factors of g.
7, 17
Suppose 183*l - 22976 = 87*l + 27904. List the prime factors of l.
2, 5, 53
Suppose 43*u - 3732 = -550. Let r = 1 + 1. Suppose r*k + 3*w = u, -4*k + 2*w + 134 = w. List the prime factors of k.
2, 17
Let d(y) = 44*y + 120. Let l be d(21). Suppose 4*n + 5*q - 671 - l = 0, 3*n - 5*q = 1295. What are the prime factors of n?
2, 5, 43
Let h(m) = 23*m + 597. What are the prime factors of h(-6)?
3, 17
Let m = -5912 + 10646. List the prime factors of m.
2, 3, 263
Let s(w) = -261*w - 30. Let d be s(-6). Let p = -954 + d. List the prime factors of p.
2, 3, 97
Let q = 48 + -46. Suppose 0 = 5*h, -q*w + 2*h = 7*h - 284. What are the prime factors of w?
2, 71
Let v = 566 - 361. Let h = v + 640. Suppose -6*g = -4*g, 5*l - 4*g - h = 0. List the prime factors of l.
13
Suppose 0*c + 6*c - 3414 = 0. Suppose c*h + 3255 = 574*h. List the prime factors of h.
3, 7, 31
Suppose 3*i - 4*a - 1534 = 0, -5*a - 311 - 215 = -i. Suppose 2*x + 138 = i. List the prime factors of x.
2, 23
Let g be ((-10)/15)/(8/(-222))*-2. Let d = g - -40. Suppose -4*x + d*b = x - 456, 354 = 4*x + 3*b. What are the prime factors of x?
2, 3, 5
Suppose 17*p = 20*p + 123. Let t = p - -44. Let k(r) = 2*r**3 - r - 4. List the prime factors of k(t).
47
Let w be -100 + -11 + (-11 - -2). What are the prime factors of -3*(w - 1 - 3)?
2, 3, 31
Let s(z) = -24*z + 64. Let q be s(-7). Suppose -233*v = -q*v - 367. What are the prime factors of v?
367
Let i = -14 - -14. Suppose i = 5*f - 16 - 4, 5*f = -3*d + 14. List the prime factors of (41 - 35) + (-1 - d - 1).
2, 3
Let p be -6 - (0 - -3260)/(4/2). Let t = 2869 + p. What are the prime factors of t?
3, 137
Suppose -5478 + 780 = -3*a. Suppose -6*c + a = -0*c. Suppose -i - 2*i + p + 811 = 0, i = 5*p + c. List the prime factors of i.
271
Suppose 8*r = -r. Let b(z) = -z - 2*z + 8*z + r*z - 25. List the prime factors of b(16).
5, 11
Let y be (-1 - (-63)/81) + (-65)/(-9). Suppose -y*n = -10*n + 1458. List the prime factors of n.
2, 3
Suppose -g = -4*t - 3873 - 1746, -3*t - 5621 = -g. What are the prime factors of g?
17, 331
Let l(s) = 4*s - 81. Let p be l(0). Let i = -62 - p. Suppose 199 = 6*u + i. List the prime factors of u.
2, 3, 5
Let k = 11 + -8. Suppose k*b = 82 + 170. Suppose 4*t + 4*j - j = 91, -4*t + 4*j = -b. List the prime factors of t.
2, 11
Suppose 9 - 37 = -4*k. Suppose 3*n + k = -11. What are the prime factors of (8/n)/((-4)/228)?
2, 19
Suppose 215*r = 288*r - 929290. List the prime factors of r.
2, 5, 19, 67
Suppose 4*s + 32 = -2*q - 2*q, -5*q - 5 = 0. Let m be 1095/s - 3/(-7). List the prime factors of (52/39)/((-2)/m).
2, 13
Suppose 61*x - 1748 = 21. Suppose x*w - 15219 = 10*w. List the prime factors of w.
3, 89
Let t = 49 - 58. Let r be (-3)/t*(-9)/(-3). Suppose 32 + r = v. List the prime factors of v.
3, 11
Let n(r) = 4*r + 20. Let m(t) = t. Let p(s) = 2*m(s) + n(s). Let a = 1395 - 1398. List the prime factors of p(a).
2
Suppose 56*s - 55*s = -3*i + 21204, -3*s + 35336 = 5*i. What are the prime factors of i?
7069
Let v(c) = -4*c. Let m be v(-3). Let d(o) = 246 - o**2 + 247 - 511 + 16*o. What are the prime factors of d(m)?
2, 3, 5
Suppose -162 = -4*s + 2*v, 0*s + 2*v + 123 = 3*s. Suppose -37482 - 2337 = -s*p. List the prime factors of p.
1021
Suppose -3*t - 4*h = 2*t - 42, 0 = 4*t - 2*h - 18. What are the prime factors of 8/t - 4*(-245)/3?
2, 41
Let v(b) = -38*b + 17. Let n be v(13). Let u = n + 673. What are the prime factors of u?
2, 7
Let v(p) = p**3 + 6*p**2 + 12*p + 16. Let x be v(-3). Suppose -11*q + x + 5262 = 0. What are the prime factors of q?
479
Let w be (-2084)/((1/(-3))/(7/42)). Suppose 3*p + 2057 = 2*o - 0*p, -o + w = 3*p. List the prime factors of o.
1033
Let w = 11386 + -4777. What are the prime factors of w?
3, 2203
Suppose -22635 = -792*k + 789*k. List the prime factors of k.
3, 5, 503
List the prime factors of -2 - -6 - (-19888 + 4 + -1).
19889
Suppose 4*o - 8 = 44. Let h be 640/(-6)*(10 - o). Suppose 4*b + s - h = -0*s, -3*b + 259 = -4*s. What are the prime factors of b?
3
Let r(w) = -w**3 + 2*w**2 + 3*w + 2. Let o be r(-1). Let t(h) = h - 11. Let c be t(6). What are the prime factors of (-2013)/(-15) - (o - (-9)/c)?
2, 67
Let w be (5 - (2 - 7170/12))*-2. Let t = 501 - w. List the prime factors of t.
2, 23, 37
Let d(n) be the second derivative of n**3/6 - n**2 - 8*n. Let q be d(8). Let x(t) = 17*t + 15. What are the prime factors of x(q)?
3, 13
Let i(d) = 3121*d - 1340. What are the prime factors of i(10)?
2, 5, 29, 103
Suppose 0 = -2*k - 53 + 49. What are the prime factors of 0 + (3 + 0 - k)?
5
Let s(n) = -4701*n - 88. What are the prime factors of s(-2)?
2, 4657
Let q(o) be the second derivative of -13*o**3/2 - 137*o**2/2 + 2*o + 36. What are the prime factors of q(-12)?
331
Suppose -14*v - 51552 = -20*v. Suppose -11*u - u = -v. List the prime factors of u.
2, 179
Let p = -24415 - -35189. Suppose -28*r + 5998 = -p. What are the prime factors of r?
599
Suppose -266*f - 5263802 = -23067182. What are the prime factors of f?
2, 3, 5, 23, 97
Let k(h) = h**3 - 10*h**2 - 5*h - 18. Let r be k(11). Suppose -i + 3*p - r + 190 = 0, -i - p + 138 = 0. What are the prime factors of i?
139
Let l be 29 + (-6)/(-14) + (-96)/28. Let w = l + -115. Let u = w + 170. What are the prime factors of u?
3
Suppose -2*k + 5*k - 3*u - 12 = 0, -3*k = 5*u - 36. Suppose -k*q + 432 = -q. What are the prime factors of -7 - -8 - (1 - q)?
2, 3
Suppose 0 = 3*z - z + 854. Let t = 468 - z. List the prime factors of t.
5, 179
Let l be (110/(-20) - -6)/((-2)/(-12)). Suppose -926 = -5*b + l*i, 5*i = 5*b + 9*i - 947. What are the prime factors of b?
11, 17
Suppose -2*v + 9639 = 4*q - q, 4*q = 3*v + 12852. Suppose -2*z = z - q. Suppose -433 = -2*x - 5*w, 6*x - x - z = -w. List the prime factors of x.
2, 107
What are the prime factors of (-99)/1320*24*10970/(-6)?
3, 1097
Suppose 2*s = 15*s + 13. Let k be 12/4*(2 + s). Suppose 3*r - j + k = 4*j, -j = r - 7. What are the prime factors of r?
2
Let f = -165 + 281. Let q = -64 + 23. Let w = q + f. List the prime factors of w.
3, 5
Suppose -4*v + 7*b = 11*b - 37184, 2*v - 18586 = b. List the prime factors of v.
2, 3, 1549
Let g = -2380 - -3400. Let y = g + -841. List the prime factors of y.
179
Let d(i) = 20 - 3 + 24 + i. Let z be (-26)/7 + 4 - (-1500)/(-105). What are the prime factors of d(z)?
3
Let x be (-28)/(-16)*168*1. Suppose -12*c - x = 2*c. What are the prime factors of c/(-14)*(-76)/(-6)?
19
Suppose 3*m = 2*y - 78, -3*m + 5*y - 87 = -0*m. Let d = m - -19. What are the prime factors of ((-67)/d)/((-8)/(-40))?
67
Suppose -2*s + 0*s + 60 = 0. Let j be (s/(-35))/(2/(-518)). Suppose 4*l = 70 + j. What are the prime factors of l?
73
Suppose 5*h + t - 98 + 603 = 0, 2*h + 202 = 2*t. Let s = h - -102. List the prime factors of (20 + -4 - -1)/s.
17
Suppose -h - 2*h = -h. Suppose h = 7*y - 0*y + 105. What are the prime factors of ((-20)/y)/(1/27)?
2, 3
Suppose -3*w - 17 = -2*i + i, -3*w = i - 5. Let v = 35 - i. Let z = v + 32. What are the prime factors of z?
2, 7
Suppose 9*v + 18 = 108. Suppose -v*q = -6*q - 8. Suppose -9*w + 7*w - 378 = -2*x, 0 = -x + q*w + 192. What are the prime factors of x?
2, 3, 31
Let f be ((-51)/(-2))/((-7)/(-14)) + 3. Suppose 0 = -a + 3*j - 7*j + f, 0 = -3*a - 5*j + 176. List the prime factors of a.
2, 31
Let 